{"id":31,"date":"2012-02-27T20:04:23","date_gmt":"2012-02-27T20:04:23","guid":{"rendered":"http:\/\/janssen-sonntag.de\/wordpress\/?page_id=31"},"modified":"2018-04-01T17:13:52","modified_gmt":"2018-04-01T17:13:52","slug":"spruche","status":"publish","type":"page","link":"https:\/\/www.janssen-sonntag.de\/?page_id=31","title":{"rendered":"Spr\u00fcche"},"content":{"rendered":"<blockquote><p>Das tragische an jeder Erfahrung, ist dass man sie erst macht, nachdem man sie gebraucht h\u00e4tte.<\/p><\/blockquote>\n<p>F. W. Nietzsche<\/p>\n<p>&nbsp;<\/p>\n<blockquote><p>Wenn der Schuh dr\u00fcckt, trenne dich vom Schuh, nicht vom Weg<\/p><\/blockquote>\n<p>Verfasser Unbekannt<\/p>\n<p>&nbsp;<\/p>\n<blockquote><p>Das Leben kann soo schei\u00dfe sein!!!<\/p>\n<p>&#8230; man muss sich nur M\u00fche geben!<\/p><\/blockquote>\n<p>Verfasser Unbekannt<\/p>\n<p>&nbsp;<\/p>\n<blockquote><p>Leben ist nicht genug, sagte der kleine Schmetterling.<\/p>\n<p>Sonnenschein, Freiheit und eine kleine Blume geh\u00f6ren auch dazu.<\/p><\/blockquote>\n<p>Hans Christian Andersen<\/p>\n<p>&nbsp;<\/p>\n<blockquote><p>Sie m\u00fcssen mich fragen und nicht sich, wenn Sie mich verstehen wollen.<\/p><\/blockquote>\n<p>Emanuel Kant<\/p>\n<p>&nbsp;<\/p>\n<blockquote><p>Wenn in der bl\u00fchenden Blume die welkende schon du voraussiehst,<br \/>\nsieh noch weiter voraus<br \/>\nin der welkenden die bl\u00fchende.<\/p><\/blockquote>\n<p>Friedrich R\u00fcckert<\/p>\n<p>&nbsp;<\/p>\n<blockquote><p>Es ist Schwieriger ein Vorurteil, als ein Atom zu zerst\u00f6ren.<\/p><\/blockquote>\n<p>Albert Einstein<\/p>\n<p>&nbsp;<\/p>\n<blockquote><p>Zugeneigt sein<\/p>\n<p>im ganzen Winkel<br \/>\nbei 40 Grad im Schatten<\/p>\n<p>bei einer Grammzahl<br \/>\ndie wiegt<\/p>\n<p>bei einer Zentimeterst\u00e4rke<br \/>\ndie h\u00e4lt<\/p>\n<p>bei einer Tiefe<br \/>\ndie tr\u00e4gt<\/p>\n<p>bei einer L\u00e4nge<br \/>\ndie es braucht<\/p>\n<p>bei einer Breite<br \/>\ndie<br \/>\nSpielraum l\u00e4sst<br \/>\nzwischen den Herzen<\/p>\n<p>Bei einer H\u00f6he<br \/>\ndie<br \/>\nSchw\u00e4che zeigen kann<\/p>\n<p>ohne<br \/>\nbeim anderen<br \/>\nStarke zu provozieren.<\/p><\/blockquote>\n<p>A. Jan\u00dfen- Sonntag<\/p>\n<p>&nbsp;<\/p>\n<blockquote><p>Es liegt im Stillsein<br \/>\nEine wunderbare Macht<br \/>\nder Kl\u00e4rung<br \/>\nder Reinigung<br \/>\nder Sammlung<br \/>\nauf das Wesentliche.<\/p><\/blockquote>\n<p>Dietrich Bonhoeffer<\/p>\n<p>&nbsp;<\/p>\n<blockquote><p>Lebensweg<br \/>\nDas Leben in seinen verschiedenen Epochen<br \/>\nist eine Schatzkammer.<br \/>\nWir werden reich in jedem Gew\u00f6lbe,<br \/>\nwie reich, das erkennen wir erst<br \/>\nbei dem Eintritt in das n\u00e4chste Gew\u00f6lbe.<\/p><\/blockquote>\n<p>Friedrich Hebel<\/p>\n<p>&nbsp;<\/p>\n<blockquote><p>Kinder kennen<br \/>\nweder Vergangenheit noch Zukunft,<br \/>\n&#8211; und<br \/>\nwas Erwachsenen<br \/>\nkaum passieren kann &#8211;<br \/>\nsie genie\u00dfen die Gegenwart.<\/p><\/blockquote>\n<p>Jean de la Bruy&#8217;ere<\/p>\n<p>&nbsp;<\/p>\n<blockquote><p>Ziele<br \/>\nWer ein gl\u00fcckliches Leben f\u00fchren m\u00f6chte,<br \/>\nmuss sich Ziele setzen.<\/p><\/blockquote>\n<p>Hermann Hesse<\/p>\n<p>&nbsp;<\/p>\n<blockquote><p>Wenn du redest, muss deine Rede<br \/>\nbesser sein, als dein Schweigen.<\/p><\/blockquote>\n<p>Verfasser unbekannt<\/p>\n<p>&nbsp;<\/p>\n<blockquote><p>Das Leben ist wie eine<br \/>\nPusteblume: wenn die Zeit gekommen ist, muss<br \/>\njeder alleine fliegen.<\/p><\/blockquote>\n<p>Anonym<\/p>\n<p>&nbsp;<\/p>\n<blockquote><p>Wir verlangen, das<br \/>\nLeben m\u00fcsse einen Sinn<br \/>\nhaben, aber es hat nur ganz<br \/>\ngenau so viel Sinn, als wir<br \/>\nselber ihm zu geben imstande sind.<\/p><\/blockquote>\n<p>Hermann Hesse<\/p>\n<p>&nbsp;<\/p>\n<blockquote><p>Sei du selbst<\/p>\n<p>Sei eine erstklassige<br \/>\nAusgabe deiner selbst<br \/>\nstatt eine zweitklassige von jemand anderem.<\/p><\/blockquote>\n<p>Judy Garland<\/p>\n<p>&nbsp;<\/p>\n<blockquote><p>Probleme kann man niemals mit der gleichen Denkweise l\u00f6sen<br \/>\ndurch die sie entstanden sind.<\/p><\/blockquote>\n<p>Albert Einstein<\/p>\n<p>&nbsp;<\/p>\n<blockquote><p>Unter uns<br \/>\ngesagt<br \/>\n\u2026mit sich selbst muss man<br \/>\nt\u00e4glich ganz besonders<br \/>\nliebevoll umgehen.<br \/>\nSchlie\u00dflich teilt man ja sein ganzes Leben mit sich!<\/p><\/blockquote>\n<p>Frank Hartmann<\/p>\n<p>&nbsp;<\/p>\n<blockquote><p>Die Gedanken,<br \/>\ndie wir ausw\u00e4hlen,<br \/>\nsind die Werkzeuge,<br \/>\nmit denen wir die Leinwand<br \/>\nunseres Lebens bemalen.<\/p><\/blockquote>\n<p>Verfasser unbekannt<\/p>\n<p>&nbsp;<\/p>\n<blockquote><p>Genau genommen leben sehr wenige Menschen in der Gegenwart, \u00a0 \u00a0 \u00a0 \u00a0 <span style=\"font-family: Georgia, 'Bitstream Charter', serif; font-style: italic;\">die meisten bereiten sich vor,\u00a0<\/span><span style=\"font-family: Georgia, 'Bitstream Charter', serif; font-style: italic;\">demn\u00e4chst zu leben.<\/span><\/p>\n<p>&nbsp;<\/p><\/blockquote>\n<p>Jonathan Swift<\/p>\n<p>&nbsp;<\/p>\n<blockquote><p>Gef\u00fchle sind wie Gew\u00fcrze,<\/p>\n<p>sie sind keine Basis f\u00fcrs Handeln.<\/p><\/blockquote>\n<p>Mona Kaufmann<\/p>\n<p>&nbsp;<\/p>\n<blockquote><p>Wenn man einen hohen Berg bestiegen hat, stellt man fest, dass es noch viele andere Berge zu besteigen gilt.<\/p><\/blockquote>\n<p>Nelson Mandela<\/p>\n","protected":false},"excerpt":{"rendered":"<p>Das tragische an jeder Erfahrung, ist dass man sie erst macht, nachdem man sie gebraucht h\u00e4tte. F. W. Nietzsche &nbsp; Wenn der Schuh dr\u00fcckt, trenne dich vom Schuh, nicht vom Weg Verfasser Unbekannt &nbsp; Das Leben kann soo schei\u00dfe sein!!! &hellip; <a href=\"https:\/\/www.janssen-sonntag.de\/?page_id=31\">Continue reading <span class=\"meta-nav\">&rarr;<\/span><\/a><\/p>\n","protected":false},"author":1,"featured_media":0,"parent":0,"menu_order":4,"comment_status":"closed","ping_status":"open","template":"sidebar-page.php","meta":{"footnotes":""},"class_list":["post-31","page","type-page","status-publish","hentry"],"_links":{"self":[{"href":"https:\/\/www.janssen-sonntag.de\/index.php?rest_route=\/wp\/v2\/pages\/31","targetHints":{"allow":["GET"]}}],"collection":[{"href":"https:\/\/www.janssen-sonntag.de\/index.php?rest_route=\/wp\/v2\/pages"}],"about":[{"href":"https:\/\/www.janssen-sonntag.de\/index.php?rest_route=\/wp\/v2\/types\/page"}],"author":[{"embeddable":true,"href":"https:\/\/www.janssen-sonntag.de\/index.php?rest_route=\/wp\/v2\/users\/1"}],"replies":[{"embeddable":true,"href":"https:\/\/www.janssen-sonntag.de\/index.php?rest_route=%2Fwp%2Fv2%2Fcomments&post=31"}],"version-history":[{"count":19,"href":"https:\/\/www.janssen-sonntag.de\/index.php?rest_route=\/wp\/v2\/pages\/31\/revisions"}],"predecessor-version":[{"id":69,"href":"https:\/\/www.janssen-sonntag.de\/index.php?rest_route=\/wp\/v2\/pages\/31\/revisions\/69"}],"wp:attachment":[{"href":"https:\/\/www.janssen-sonntag.de\/index.php?rest_route=%2Fwp%2Fv2%2Fmedia&parent=31"}],"curies":[{"name":"wp","href":"https:\/\/api.w.org\/{rel}","templated":true}]}}